s divided by 6.
5
Calculate the remainder when 291 is divided by 21.
18
What is the remainder when 1915 is divided by 60?
55
Calculate the remainder when 700 is divided by 185.
145
What is the remainder when 1158 is divided by 68?
2
What is the remainder when 1371 is divided by 341?
7
Calculate the remainder when 193 is divided by 69.
55
Calculate the remainder when 480 is divided by 23.
20
Calculate the remainder when 131 is divided by 110.
21
Calculate the remainder when 3357 is divided by 14.
11
Calculate the remainder when 36035 is divided by 293.
289
Calculate the remainder when 3329 is divided by 9.
8
Calculate the remainder when 245 is divided by 19.
17
Calculate the remainder when 175 is divided by 94.
81
What is the remainder when 194 is divided by 87?
20
Calculate the remainder when 173 is divided by 59.
55
Calculate the remainder when 221 is divided by 38.
31
What is the remainder when 1823 is divided by 909?
5
Calculate the remainder when 87 is divided by 23.
18
What is the remainder when 2074 is divided by 690?
4
What is the remainder when 1080 is divided by 1032?
48
What is the remainder when 380 is divided by 12?
8
What is the remainder when 955 is divided by 29?
27
Calculate the remainder when 106 is divided by 66.
40
Calculate the remainder when 3497 is divided by 100.
97
Calculate the remainder when 657 is divided by 46.
13
What is the remainder when 69 is divided by 7?
6
What is the remainder when 727 is divided by 177?
19
Calculate the remainder when 1497 is divided by 356.
73
What is the remainder when 7262 is divided by 16?
14
What is the remainder when 18379 is divided by 26?
23
What is the remainder when 1325 is divided by 83?
80
Calculate the remainder when 185 is divided by 98.
87
Calculate the remainder when 37 is divided by 8.
5
Calculate the remainder when 141 is divided by 29.
25
What is the remainder when 1740 is divided by 340?
40
What is the remainder when 716 is divided by 695?
21
What is the remainder when 2991 is divided by 73?
71
What is the remainder when 123 is divided by 16?
11
What is the remainder when 60 is divided by 26?
8
Calculate the remainder when 85 is divided by 11.
8
Calculate the remainder when 419 is divided by 73.
54
Calculate the remainder when 140 is divided by 36.
32
Calculate the remainder when 99 is divided by 18.
9
Calculate the remainder when 347 is divided by 4.
3
Calculate the remainder when 310 is divided by 302.
8
What is the remainder when 2884 is divided by 40?
4
Calculate the remainder when 1331 is divided by 121.
0
Calculate the remainder when 138 is divided by 54.
30
What is the remainder when 28121 is divided by 178?
175
Calculate the remainder when 435 is divided by 40.
35
What is the remainder when 3524 is divided by 84?
80
What is the remainder when 224 is divided by 15?
14
Calculate the remainder when 620 is divided by 191.
47
Calculate the remainder when 237 is divided by 48.
45
What is the remainder when 183 is divided by 32?
23
Calculate the remainder when 545 is divided by 92.
85
What is the remainder when 198 is divided by 40?
38
What is the remainder when 64 is divided by 13?
12
What is the remainder when 414 is divided by 149?
116
Calculate the remainder when 1739 is divided by 13.
10
What is the remainder when 12509 is divided by 17?
14
What is the remainder when 25 is divided by 7?
4
Calculate the remainder when 1035 is divided by 336.
27
What is the remainder when 129 is divided by 13?
12
Calculate the remainder when 745 is divided by 30.
25
What is the remainder when 2174 is divided by 68?
66
What is the remainder when 1513 is divided by 454?
151
What is the remainder when 326 is divided by 47?
44
What is the remainder when 107 is divided by 56?
51
Calculate the remainder when 123 is divided by 46.
31
What is the remainder when 3548 is divided by 442?
12
What is the remainder when 118 is divided by 111?
7
Calculate the remainder when 228 is divided by 115.
113
Calculate the remainder when 153 is divided by 48.
9
What is the remainder when 66 is divided by 17?
15
What is the remainder when 283 is divided by 75?
58
What is the remainder when 51 is divided by 46?
5
Calculate the remainder when 19270 is divided by 73.
71
What is the remainder when 1514 is divided by 487?
53
What is the remainder when 562 is divided by 24?
10
Calculate the remainder when 357 is divided by 93.
78
What is the remainder when 513 is divided by 186?
141
Calculate the remainder when 4001 is divided by 52.
49
What is the remainder when 2734 is divided by 1363?
8
What is the remainder when 128 is divided by 50?
28
What is the remainder when 4090 is divided by 65?
60
Calculate the remainder when 139 is divided by 15.
4
Calculate the remainder when 1015 is divided by 114.
103
What is the remainder when 857 is divided by 39?
38
What is the remainder when 5885 is divided by 46?
43
Calculate the remainder when 193 is divided by 116.
77
Calculate the remainder when 1229 is divided by 14.
11
What is the remainder when 279 is divided by 179?
100
Calculate the remainder when 339 is divided by 314.
25
What is the remainder when 1438 is divided by 120?
118
What is the remainder when 704 is divided by 146?
120
Calculate the remainder when 185 is divided by 49.
38
Calculate the remainder when 394 is divided by 134.
126
What is the remainder when 453 is divided by 158?
137
Calculate the remainder when 535 is divided by 193.
149
Calculate the remainder when 1863 is divided by 310.
3
Calculate the remainder when 3785 is divided by 152.
137
Calculate the remainder when 3017 is divided by 20.
17
What is the remainder when 404 is divided by 11?
8
What is the remainder when 1334 is divided by 36?
2
Calculate the remainder when 31326 is divided by 8.
6
Calculate the remainder when 3242 is divided by 55.
52
Calculate the remainder when 424 is divided by 93.
52
Calculate the remainder when 2253 is divided by 251.
245
Calculate the remainder when 34 is divided by 17.
0
Calculate the remainder when 311 is divided by 12.
11
Calculate the remainder when 744 is divided by 27.
15
Calculate the remainder when 232 is divided by 215.
17
Calculate the remainder when 22281 is divided by 22.
17
What is the remainder when 38 is divided by 22?
16
What is the remainder when 924 is divided by 117?
105
What is the remainder when 40 is divided by 35?
5
Calculate the remainder when 2023 is divided by 13.
8
Calculate the remainder when 510 is divided by 243.
24
What is the remainder when 272 is divided by 108?
56
Calculate the remainder when 665 is divided by 6.
5
What is the remainder when 489 is divided by 98?
97
Calculate the remainder when 3513 is divided by 110.
103
What is the remainder when 204 is divided by 55?
39
Calculate the remainder when 2065 is divided by 39.
37
Calculate the remainder when 8118 is divided by 579.
12
What is the remainder when 305 is divided by 77?
74
What is the remainder when 68 is divided by 53?
15
What is the remainder when 87 is divided by 13?
9
Calculate the remainder when 898 is divided by 39.
1
What is the remainder when 928 is divided by 231?
4
What is the remainder when 1101 is divided by 46?
43
What is the remainder when 108 is divided by 62?
46
What is the remainder when 174 is divided by 66?
42
Calculate the remainder when 1222 is divided by 322.
256
Calculate the remainder when 3606 is divided by 1200.
6
Calculate the remainder when 1906 is divided by 110.
36
What is the remainder when 162 is divided by 69?
24
What is the remainder when 6845 is divided by 107?
104
What is the remainder when 185 is divided by 38?
33
Calculate the remainder when 150 is divided by 70.
10
Calculate the remainder when 3646 is divided by 64.
62
What is the remainder when 844 is divided by 21?
4
Calculate the remainder when 122 is divided by 53.
16
Calculate the remainder when 29660 is divided by 96.
92
Calculate the remainder when 27 is divided by 13.
1
Calculate the remainder when 53 is divided by 8.
5
Calculate the remainder when 321 is divided by 7.
6
What is the remainder when 1619 is divided by 162?
161
What is the remainder when 166 is divided by 13?
10
Calculate the remainder when 219 is divided by 13.
11
Calculate the remainder when 4830 is divided by 26.
20
Calculate the remainder when 1777 is d